g - 10 = -k. Let r(j) be the third derivative of j**5/10 + j**4/8 + 2*j**3/3 + 45*j**2. Is r(g) a composite number?
True
Let j be 0/(1 - -2) - -4. Suppose 0 = -j*m + 5 + 7. Suppose -333 + 66 = -m*o. Is o prime?
True
Let o = 11 + -15. Is (-1)/(1/(1780/o)) a composite number?
True
Suppose 11 = -3*y + 2*n - 2, -5*n = -25. Let k be (1 + y)/1 + 2. Suppose -t + k*t = 47. Is t prime?
True
Let i = 0 + 0. Suppose -2*u - 4 = i, 3*n + 2*u - 78 - 83 = 0. Is n a prime number?
False
Suppose -j - 15 = -66. Is j prime?
False
Let b = 1058 - 569. Suppose -n + b = 2*n. Is n prime?
True
Let a = -3 - -3. Suppose a = -2*s + 5*h - 184, -s = -5*s + 4*h - 392. Let c = 229 + s. Is c a composite number?
False
Let h = 10 - 4. Suppose -2*w = -h*w. Suppose w = n + n - 44. Is n a prime number?
False
Is (5 + -2)*1 - -715 a composite number?
True
Let a be 63/35 + (-2)/(-10). Suppose -a*y + 2 + 72 = 0. Is y a prime number?
True
Let v(c) = -46*c - 51. Is v(-20) a composite number?
True
Let k(b) = -6*b + 0*b - b - 30. Let w(x) = -3*x - 15. Let r(z) = 2*k(z) - 5*w(z). Is r(0) a composite number?
True
Suppose 1666 = 3*g + 4*t, -3*t = -5*g - 2*t + 2792. Suppose -4*l + 502 = -g. Is l a prime number?
False
Let t(z) = -2*z**3 + z + 4. Let o be 5/(-45) - 44/9. Is t(o) a composite number?
True
Let h = 1 + -2. Let j(w) = -w - 1. Let r(p) = -12*p - 5. Let o(q) = -15*j(q) + 3*r(q). Is o(h) composite?
True
Let y = 3 + 0. Suppose -3*f = 5*f - 3160. Suppose -172 = -3*w + 3*v + f, y*w + v - 575 = 0. Is w a prime number?
True
Suppose -4*c = 3*t + 15, 3*c + 14 = -8*t + 3*t. Is 23/(t + (-12)/(-10)) prime?
False
Let k = 0 + 3. Let z(l) = -k + 2 + 2 - 9*l. Is z(-2) a composite number?
False
Let j = -7 + 4. Is (0 - -128) + j + 2 prime?
True
Let m be (-4)/(-10) + 44/(-10). Let u(v) = 7*v**2 + 9*v - 20. Let h(a) = -2*a**2 - 3*a + 7. Let i(l) = 17*h(l) + 6*u(l). Is i(m) prime?
False
Suppose 7*p - 20910 = -4579. Is p a prime number?
True
Let r be (-4772)/(-9) + (-4)/18. Let u = r + -182. Suppose -u = -3*y - y. Is y a prime number?
False
Suppose 2*q - 1881 - 757 = 0. Is q a prime number?
True
Let u(j) = j**3 - 3*j**2 + 4. Let v be u(6). Suppose 5*z + 4*b - 103 = 0, b - v = -5*z - 0*b. Is z composite?
False
Is 191233/42 - 2/12 a prime number?
False
Let c be 0 + (3 - 8)*-1. Let q(d) = d - 7. Let g be q(c). Is (-6)/(-4)*g + 116 composite?
False
Suppose -2*n - 3*s - s = -4, -s - 4 = -2*n. Suppose -8*c - 2*i - 28 = -3*c, n*c = -5*i - 7. Is c/27 - (-346)/18 composite?
False
Suppose -5*a + 234 = 44. Is 30466/22 - a/(-209) prime?
False
Suppose o = s - 0 + 3, 15 = o + 5*s. Suppose z = -4*z - o. Let a(x) = -122*x**3 - x. Is a(z) prime?
False
Let s = 3 + -1. Suppose -4*v + s*r = -146, 2*v + 2*r = -3*r + 55. Is v a prime number?
False
Is 4508/10 - 5/(-25) a composite number?
True
Let n(z) = 3*z - 1. Let d be n(2). Suppose d*j = 170 + 425. Is j prime?
False
Let j = 4181 - 1660. Is j composite?
False
Let q(t) be the third derivative of t**8/20160 - t**7/720 - t**6/144 + t**5/60 + 3*t**2. Let d(c) be the third derivative of q(c). Is d(-5) prime?
False
Let a(o) = 257*o**2 - o - 1. Is a(-1) a prime number?
True
Let h be 2/4 + 42/(-4). Let m(t) = 92*t - 1. Let q be m(2). Is (-4)/h + q/5 a prime number?
True
Suppose 4*u - 84 = -4*p, -2*p = -u - 56 + 14. Is p a prime number?
False
Suppose -2*b = -5*f + f + 1490, 0 = 4*f - b - 1491. Is f a prime number?
True
Suppose 0 = 4*f + 4*j - 48 + 12, -f - 11 = -4*j. Suppose -z + f*z = 1948. Is z a composite number?
False
Let y(c) = -c - 11. Let n be y(-7). Is ((-267)/(-6))/((-2)/n) composite?
False
Let n = -37 - -71. Let x = n - 19. Is x composite?
True
Let c be (-24)/18*(-9)/2. Suppose -y = -c*y + 4*v + 111, 4*v - 22 = -2*y. Is y prime?
True
Let c(p) = -13*p - 12. Is c(-5) a composite number?
False
Suppose 9 = -4*u + 229. Let q = u + 4. Is q a prime number?
True
Let t be -6*(10/(-6) + 3). Is 574/t*-4*1 a prime number?
False
Let f be 6 + 0 + 12/(-4). Suppose -f*n = 2*n - 295. Is n a composite number?
False
Let c(n) = n**3 + n**2 + 253. Is c(0) composite?
True
Let t(y) = y**3 + 2*y**2 - 2*y + 1. Let z be t(-3). Let d be z - (1 - -13)/1. Let p = d + 51. Is p a composite number?
True
Suppose 3*i - 12 = -i. Suppose -3*n + 37 = i*j - 221, 0 = -4*n + 5*j + 317. Is n prime?
True
Let l = 5398 + -1811. Is l a prime number?
False
Let d(a) = -a**3 - 2*a**2 + 2. Let u be d(-2). Let c(r) = 11 - 3*r**u - 2*r**3 + r + 0*r**3 - 5*r**2 + 3*r**3. Is c(8) prime?
True
Let g(k) = 3*k**2 + k. Let w be g(1). Let q be 3/(-1 + 10/w). Suppose 3*z - 185 = -q*z. Is z a prime number?
True
Let b = -280 - -573. Is b composite?
False
Is (-1)/(27/(-6)) - (-18632)/72 a composite number?
True
Suppose 5*z - 4*z - 4 = 0, -3*s + 5*z + 2638 = 0. Let c be s/14 - 8/28. Suppose 1 = -2*l + c. Is l a prime number?
True
Suppose 0 = 3*r - 438 - 51. Is r composite?
False
Let b(n) = 3*n**3 - 18*n**2 + 13*n + 7. Is b(10) a composite number?
True
Let x = 3 + -5. Is 0 + x + -1 + 34 a composite number?
False
Suppose -4*h + 13588 = 5*g, -10191 = -3*h - 0*h - 4*g. Is h prime?
False
Suppose -2*g - b = -35, -3*b + 65 = 7*g - 3*g. Suppose -m + 360 = q, q + g = -3*q. Is m a prime number?
False
Let t(m) = -m + 1. Let c be t(1). Let u(y) = 138*y**3 + 2*y**2 - y. Let f be u(1). Suppose 3*r - v - 199 = c, -178 = -5*r - 2*v + f. Is r prime?
False
Suppose 5*q + 3 - 8 = 0. Suppose 2*y = -t + 4 + q, 2*y + 4 = 2*t. Suppose 220 = 5*g + t*p, 5*g = 4*p + 345 - 90. Is g prime?
True
Let n = -10 + 18. Is (-2 + 4)/(n/196) a composite number?
True
Let x(z) = z**2 + 2*z + 1. Let f be x(-1). Suppose l + 0*l - 13 = f. Is l a composite number?
False
Let c = 434 + -125. Suppose 5*n - c = 2*n. Is n a composite number?
False
Let g be 10/(-3)*(-9)/6. Suppose 4*p + 158 = g*p. Suppose 3*c + o = p, 2*c - 99 - 12 = 5*o. Is c a composite number?
False
Let c be 1/(-2 - 879/(-438)). Suppose -j - 16 = -c. Suppose 3*y = 17 + j. Is y a prime number?
False
Let b be 1 + (-2 - -3) + -7. Is (-29)/(-1) + (b - -2) a prime number?
False
Suppose 0 = 2*i + 3*i - 5*v + 805, -2*i + 3*v = 327. Let y = i + 311. Is y a composite number?
True
Suppose 2*l + 1 = -6*p + 3*p, 0 = -5*p + 5*l + 40. Suppose -p*v + 498 = 3. Suppose v = -h + 4*h. Is h composite?
True
Suppose 4*t = 71 + 61. Suppose t + 24 = x + 3*g, 5*x = 2*g + 319. Suppose 2*d - x - 11 = 0. Is d a composite number?
False
Let k be (-3884)/(-18) + 8/36. Let v(z) = z**2 - z - 123. Let a be v(0). Let w = a + k. Is w a prime number?
False
Suppose -6*c + 6 = -3*c. Suppose -129 = -2*g + 5*q, -6*g + c*g + 269 = q. Is g prime?
True
Suppose 5*o - 31 + 11 = 5*j, 0 = -3*j. Let q = o - 4. Suppose -7 = -q*c - c. Is c prime?
True
Let v = -21 + 69. Let a = v + 61. Is a a composite number?
False
Let s(g) = 7*g**2 + 2. Let c(d) = -20*d**2 - 5. Let p(y) = -3*c(y) - 8*s(y). Let n be p(1). Suppose -2*x + 153 = 2*w - 21, n*w + 273 = 3*x. Is x composite?
False
Is 2*-1 + (11 - -68) prime?
False
Let c(l) = 2205*l**2 - 6*l + 4. Is c(1) a prime number?
True
Let y = -41 - -92. Let t = 40 + -13. Suppose 3*g = t + y. Is g a prime number?
False
Let m = 7 + -7. Let b(x) = -x**2 - x + 83. Is b(m) composite?
False
Suppose -3*m + 11 = 2. Is (-472)/(-32)*(m - -1) a prime number?
True
Let w(y) = y + 12. Let b be w(-8). Let i = 0 - -2. Let s = b + i. Is s a composite number?
True
Suppose 5*d - 2249 = s - 0*s, -5*s = 4*d - 1776. Is d prime?
True
Let h = 44 - -165. Is h prime?
False
Suppose 9*y + 437 = 10*y. Is y prime?
False
Suppose 0 = -4*z - 3*f + 19, z - 4*f = -0*f. Let q be (-26)/(-6) + z/6. Suppose -q*r + 1 = -29. Is r composite?
True
Let w(o) = 6*o**2 - o + 1. Suppose -4*q = -4 - 4. Suppose -q*p + 3 = p. Is w(p) a composite number?
True
Let p = 1 + 4. Suppose g + 2 - 1 = 0, -s = -p*g - 111. Is s a prime number?
False
Let l(q) = 37*q**2 + q - 1. Is l(1) prime?
True
Suppose 0*c = -3*c + 12. Let u = 77 - -158. Suppose -j - c*j = -u. Is j prime?
True
Let d(w) = w - 134. Let j be d(0). Let v = -41 - j. Is v a prime number?
False
Let d(u) = 28*u**2 + u + 1. Let v be ((-8)/(-14))/2*7. Is d(v) composite?
True
Is -919*1/(-2)*2 a prime number?
True
Suppose -2*z + 312 - 82 = 0. Is z a prime number?
False
Suppose -2*l + 336 + 504 = 0. Let z = l + 257. Is z a composite number?
False
Let y(n) = n**2 + 13*n - 11. Let d(m) = -3*m**2 - 27*m + 23. Let h(z) = 2*d(z) + 5*y(z). Le